 -3*j - 8. Calculate the greatest common divisor of s and 10.
10
Suppose -b = 5*g - 28, 2*b + 2*g - 5*g = 69. Suppose -b = -y - 2*y. What is the greatest common factor of 1 and y?
1
Let v(d) = 43*d**2 + 2*d. Let l be v(-2). Let g be ((-2)/2)/((-7)/l). Calculate the highest common factor of 192 and g.
24
Let r(p) = 6*p**3 + 3*p**2 - p - 2. Let b be r(-3). Let l = 266 + b. Calculate the greatest common factor of 12 and l.
12
Suppose 28*l - 21 = 21*l. Let c be -2*11*(-15)/10. Calculate the highest common divisor of l and c.
3
Let w = 7 - 4. What is the greatest common divisor of 15 and w?
3
Let d = -4 - -7. Let t be (-8 - d)*(-4)/2. What is the highest common divisor of 33 and t?
11
Suppose 2*g + 4*p - 98 = 0, 0 = -2*g + p + 2*p + 133. Let s = 115 - g. Calculate the highest common divisor of s and 7.
7
Suppose 0 = -11*q - 153 + 725. What is the highest common factor of 4 and q?
4
Suppose 18 = -2*w + w. Let u be (-7)/(0 + 2/w). Calculate the highest common divisor of u and 7.
7
Let r be 2/(-6) + 4/12. Let m be -6*(-1 + (r - 9)). Calculate the greatest common factor of m and 12.
12
Suppose 5*r - 50 = -3*p, r - p - 6 = 12. Let c = 17 - 4. Calculate the greatest common factor of c and r.
13
Let i(h) = -23*h + 2. Let y(b) = b + 3. Let v be y(-5). Let m be i(v). Calculate the greatest common divisor of m and 12.
12
Let c be 1*((-25)/(-5) + -3). Calculate the highest common divisor of 2 and c.
2
Suppose 755 = 7*r + 111. Calculate the greatest common factor of r and 23.
23
Let p be (-6)/(-27) + (-1128)/(-27). What is the greatest common factor of 14 and p?
14
Let l(u) = 4*u**2 + u + 1. Let q = -3 + 2. Let d be l(q). Suppose -2*b + d*r = -66, b + b - r - 66 = 0. Calculate the highest common divisor of 3 and b.
3
Suppose 0*a + a - 72 = 0. Calculate the highest common factor of a and 18.
18
Suppose -16 = -d - 0*d + 5*p, -d - 5*p + 26 = 0. What is the highest common factor of 7 and d?
7
Let v(i) = -3 + i + 3 + 5. Let s be v(4). Calculate the greatest common factor of s and 36.
9
Let j(m) = m + 17. Let t be j(-10). Let y be (-94)/(-14) - 2/(-7). Calculate the greatest common divisor of y and t.
7
Let m be (46/3)/((-2)/(-21)). Let q = m - 91. Suppose -4*r + 40 = 2*z, -2*r - r = -2*z + 19. Calculate the greatest common factor of q and z.
14
Suppose -4*d + 55 + 37 = 0. Suppose -4*y + 1 = -27. Suppose -y = -s + d. Calculate the greatest common divisor of s and 10.
10
Suppose 4*d - 28 = 32. What is the highest common factor of 90 and d?
15
Let o be 9 + (-2 + -7)/3. Let p be ((-4)/2)/((-2)/(-8)). Let i be -2 - 1/(1/p). Calculate the highest common divisor of i and o.
6
Suppose -5*x - m + 81 = 0, 0 = 3*x - 7*m + 2*m - 71. Let h(t) = 11*t - 9. Let v be h(7). What is the highest common divisor of x and v?
17
Suppose 2*t + 46 = w, 2*w + 3*t + 93 = 4*w. Calculate the greatest common factor of w and 24.
24
Let b(n) = 16*n + 16. Let g be b(4). What is the greatest common divisor of 30 and g?
10
Suppose 0 = 2*v - v - 18. Suppose -3*x = 2*h - 133, 5*x - 5*h + 4*h = 226. Calculate the highest common factor of x and v.
9
Let b = 4 + 2. Let m be 170/b - (-2)/(-6). What is the highest common factor of m and 7?
7
Let a be 11/3 - (-2)/6. Let m = a + -2. Let v be 10 - (-2 - (-6 + m)). What is the highest common factor of v and 8?
8
Let d be (-6)/(-36)*2*45. Let z = 48 + -33. Calculate the greatest common factor of d and z.
15
Suppose -u - 17 + 21 = 0. Let v = 8 + u. Calculate the highest common divisor of v and 108.
12
Suppose 22*u - 18*u - 152 = 0. Calculate the highest common factor of 19 and u.
19
Suppose 297 = 2*u - 3*v, u - 4*v = -0*u + 156. What is the highest common factor of u and 16?
16
Let v(i) = i**2 - 1. Let y be v(1). Let f = y + 14. Let b(h) = -21*h. Let r be b(-1). What is the greatest common divisor of f and r?
7
Let y be (-6)/51 + 325/17 + -1. Let n(j) = 4*j**2 + 2*j. Let g be n(-2). Calculate the highest common divisor of y and g.
6
Let c be 1 - (0 + -118 - 1). Let o be (-1*(-2 + 3))/((-3)/45). Calculate the highest common factor of c and o.
15
Let a be 5/(-25) + (-44)/5. Let z(k) = -1 - 10*k - 5*k**2 + 4*k**2 - 3. Let l be z(a). Calculate the greatest common divisor of 15 and l.
5
Suppose -150 - 105 = -5*m. What is the greatest common factor of m and 17?
17
Suppose 0 = 2*s + 2*v - 94, -s + 2*v = -25 - 28. What is the greatest common factor of s and 7?
7
Let q(n) = -4*n - n + 4*n + 0 + 2. Let h be q(5). Let z be (h - 1*-9) + 1. What is the greatest common divisor of 28 and z?
7
Suppose -m + 64 - 16 = 4*x, 5*x - 123 = -3*m. What is the greatest common divisor of m and 24?
12
Suppose 4*u - 5 = 3. Suppose 0 = 2*n + u - 6. Suppose -n*s = -s - 18. What is the highest common divisor of s and 27?
9
Suppose -4*d - 3*f = -4*f - 36, -2*d + 40 = 5*f. Suppose 11 = 2*q + 1. Let j(c) = 4*c**2 - 3*c + 5. Let y be j(q). What is the highest common factor of d and y?
10
Let w(a) = a**3 + 4*a**2 - 6*a - 3. Let t be w(-4). Suppose 0 = -4*j - 3*o + 66 - 7, -j = 4*o - 18. Calculate the greatest common divisor of j and t.
7
Let q be -15*-8*3/(-15). Suppose -5*y - 68 = 12. Let s = y - q. What is the greatest common divisor of s and 32?
8
Suppose -5*p + 3 = q - 8, -p - 185 = -5*q. What is the greatest common divisor of q and 12?
12
Let m = -12 + 21. Suppose 0*l + l + 5*w = -1, -5*w = 5*l + 25. Let c be (81/l)/(m/(-48)). What is the greatest common divisor of 9 and c?
9
Let p(l) be the third derivative of 0*l + l**3 + l**2 - 1/24*l**4 + 0. Let x be p(-8). What is the highest common factor of x and 84?
14
Let l = 323 - -7. What is the highest common divisor of l and 33?
33
Let m = 0 - -1. Let z = -2 - -4. Suppose z*o = 3 + 7. What is the highest common factor of o and m?
1
Let u(r) = -r**2 + 8*r - 3. Let x = 9 + -3. Let n be u(x). What is the greatest common divisor of 36 and n?
9
Suppose 0 = 2*h - 4*j + 1 - 13, h = -j + 9. What is the greatest common factor of 56 and h?
8
Suppose -2*i = -4*v - 2, -4*v + 3*i - 3 - 4 = 0. Let z be v/6 + (-19)/3. Let b be -4*z/(6/3). Calculate the highest common factor of 108 and b.
12
Let g be 4/6*105/10 + -3. Let f = 81 + -41. What is the greatest common divisor of f and g?
4
Let k = -50 + 81. Calculate the greatest common divisor of 93 and k.
31
Let u(c) = -c**2 - 7*c + 1. Let r be u(-6). Let j(f) = f**3 - 5*f**2 - 7*f - 2. Let h be j(r). Let n = h + -26. What is the greatest common divisor of n and 7?
7
Let u = 1 - -27. Let b = u - 19. Let z(l) = 7*l**3 - 2*l**2 + 2*l - 1. Let m be z(1). What is the highest common divisor of b and m?
3
Suppose 3 = -2*p - 1. Let h be 4*(p + 70/8). What is the highest common divisor of h and 243?
27
Let g(n) = -2*n**2 + 7*n + 1. Let m be g(3). What is the highest common divisor of 2 and m?
2
Let w be 2/(-13) + 184/13. Calculate the highest common divisor of w and 21.
7
Suppose 4*h - 271 - 98 = -3*s, h = 3. What is the greatest common divisor of s and 17?
17
Let k(h) = -26*h. Let c(d) = -27*d - 1. Let p(r) = 6*c(r) - 7*k(r). Let t be p(4). Let v = t - 24. What is the highest common factor of 10 and v?
10
Let l be 3*(-10)/6*-2. Calculate the highest common divisor of l and 70.
10
Suppose 0 = -4*c + 4*f - 1856, c - 5*f - 1416 = 4*c. Let r = -291 - c. Suppose 4*k = -0*k + r. Calculate the greatest common divisor of k and 11.
11
Let c(g) = g**3 - 2*g + 1. Let h be c(1). Let y(i) = -i + h - 4 + 3 + 5. Let d be y(-7). What is the highest common factor of d and 22?
11
Let v(u) = 3*u**3 - 5*u**2 - 9*u + 15. Let h be v(6). Calculate the highest common factor of 39 and h.
39
Suppose -4*q = -q - 12. What is the greatest common factor of 12 and q?
4
Let z(t) = 2*t**2 - 12*t + 4. Let p be z(8). Let o = p - 0. Let y be (2/(-5))/((-3)/90). What is the greatest common factor of o and y?
12
Let m = -18 + 66. Calculate the highest common factor of 32 and m.
16
Suppose 2*f - 6*f = -4*x - 68, 3*x + 3 = -f. What is the greatest common factor of 3 and f?
3
Let q(n) = -n**2 + 10*n - 7. Let t(y) = 4*y - 3. Let f be t(3). Let a be q(f). Suppose a*i = -i + 66. Calculate the highest common divisor of 110 and i.
22
Suppose 0 = 5*k + 55 + 75. Let c = 88 + -38. Let o = k + c. What is the greatest common factor of 3 and o?
3
Let p(q) = 18*q + q**2 - 7*q - 5*q - 8. Let t be p(-10). Calculate the greatest common divisor of 352 and t.
32
Suppose s = -2